{"id":154,"date":"2016-02-19T20:53:52","date_gmt":"2016-02-19T19:53:52","guid":{"rendered":"http:\/\/www.novinit.be\/spreeuwen\/?page_id=154"},"modified":"2022-07-01T23:35:30","modified_gmt":"2022-07-01T22:35:30","slug":"onze-school-2","status":"publish","type":"page","link":"https:\/\/www.despreeuwen.net\/index.php\/onze-school-2\/","title":{"rendered":"Onze school"},"content":{"rendered":"<div style=\"position: absolute; left: -99999px;\">\n<h1>Echtgeld Schweizer Spielautomaten<\/h1>\n<p>Wenn Sie auf der Suche nach einem Schweizer Online-Casino sind, wird Ihnen dieser Leitfaden helfen, das perfekte Casino zu finden. Erfahren Sie mehr \u00fcber die Geschichte des Schweizer Gl\u00fccksspiels, die Gl\u00fccksspielgesetze und wie Sie das beste Casino in der Schweiz finden.Dann erfahren Sie auf <a href=\"https:\/\/topcasinosuisse.com\/de\/echtgeld-spielautomaten\/\">https:\/\/topcasinosuisse.com\/de\/echtgeld-spielautomaten\/<\/a>, wie Sie an Spielautomaten um echtes Geld spielen k\u00f6nnen. Lesen Sie weiter f\u00fcr weitere Informationen! Sie werden sich wie ein Gewinner f\u00fchlen, wenn Sie gro\u00df gewinnen! Viel Spa\u00df beim Spielen von Spielautomaten um echtes Geld und gewinnen Sie dabei auch noch Geld!<\/p>\n<h2>Wie Sie mit dem Spielen von Spielautomaten um echtes Geld beginnen k\u00f6nnen<\/h2>\n<p>Bevor Sie sich f\u00fcr ein Online-Casino entscheiden, sollten Sie sich zun\u00e4chst vergewissern, dass Sie die Software f\u00fcr die Erstellung der Spiele \u00fcberpr\u00fcft haben. Viele Online-Casinos entwickeln die Spiele nicht selbst, sondern arbeiten mit Softwareanbietern zusammen, um Spiele von h\u00f6chster Qualit\u00e4t zu entwickeln. In der Schweiz arbeiten die meisten Online-Casinos mit Netent, Microgaming, Isoftbet, Playn Go.<br \/>\nEin gutes Schweizer Online-Casino bietet eine Vielzahl von Spielen zur Auswahl an. Sie umfassen eine gesunde Mischung aus Spielautomaten, Tischspielen, Video Poker und Video Poker. Einige Schweizer Online-Casinos bieten sogar einen Bonus ohne Einzahlung an. Diese Boni erm\u00f6glichen es den Spielern, um echtes Geld zu spielen, ohne eigenes Geld einzahlen zu m\u00fcssen. Sobald Sie eine Einzahlung get\u00e4tigt haben, k\u00f6nnen Sie w\u00e4hlen, wie Sie abheben m\u00f6chten.<\/p>\n<\/div>\n","protected":false},"excerpt":{"rendered":"<p>Echtgeld Schweizer Spielautomaten Wenn Sie auf der Suche nach einem Schweizer Online-Casino sind, wird Ihnen dieser Leitfaden helfen, das perfekte Casino zu finden. Erfahren Sie mehr \u00fcber die Geschichte des Schweizer Gl\u00fccksspiels, die Gl\u00fccksspielgesetze und wie Sie das beste Casino in der Schweiz finden.Dann erfahren Sie auf https:\/\/topcasinosuisse.com\/de\/echtgeld-spielautomaten\/, wie Sie an Spielautomaten um echtes Geld [&hellip;]<\/p>\n","protected":false},"author":3,"featured_media":0,"parent":0,"menu_order":0,"comment_status":"closed","ping_status":"closed","template":"","meta":{"footnotes":""},"class_list":["post-154","page","type-page","status-publish","hentry"],"jetpack_sharing_enabled":true,"_links":{"self":[{"href":"https:\/\/www.despreeuwen.net\/index.php\/wp-json\/wp\/v2\/pages\/154","targetHints":{"allow":["GET"]}}],"collection":[{"href":"https:\/\/www.despreeuwen.net\/index.php\/wp-json\/wp\/v2\/pages"}],"about":[{"href":"https:\/\/www.despreeuwen.net\/index.php\/wp-json\/wp\/v2\/types\/page"}],"author":[{"embeddable":true,"href":"https:\/\/www.despreeuwen.net\/index.php\/wp-json\/wp\/v2\/users\/3"}],"replies":[{"embeddable":true,"href":"https:\/\/www.despreeuwen.net\/index.php\/wp-json\/wp\/v2\/comments?post=154"}],"version-history":[{"count":0,"href":"https:\/\/www.despreeuwen.net\/index.php\/wp-json\/wp\/v2\/pages\/154\/revisions"}],"wp:attachment":[{"href":"https:\/\/www.despreeuwen.net\/index.php\/wp-json\/wp\/v2\/media?parent=154"}],"curies":[{"name":"wp","href":"https:\/\/api.w.org\/{rel}","templated":true}]}}